{"id":259,"date":"2020-01-08T17:56:45","date_gmt":"2020-01-08T16:56:45","guid":{"rendered":"http:\/\/melbordat.fr\/?page_id=259"},"modified":"2021-09-07T11:54:31","modified_gmt":"2021-09-07T09:54:31","slug":"motion-gifographie","status":"publish","type":"page","link":"https:\/\/melbordat.fr\/index.php\/motion-gifographie\/","title":{"rendered":"MOTION DESIGN &#8211; VID\u00c9OS"},"content":{"rendered":"\t\t<div data-elementor-type=\"wp-page\" data-elementor-id=\"259\" class=\"elementor elementor-259\" data-elementor-settings=\"[]\">\n\t\t\t\t\t\t<div class=\"elementor-inner\">\n\t\t\t\t\t\t\t<div class=\"elementor-section-wrap\">\n\t\t\t\t\t\t\t<section class=\"elementor-section elementor-top-section elementor-element elementor-element-c5e2b93 elementor-section-stretched elementor-section-boxed elementor-section-height-default elementor-section-height-default\" data-id=\"c5e2b93\" data-element_type=\"section\" data-settings=\"{&quot;stretch_section&quot;:&quot;section-stretched&quot;}\">\n\t\t\t\t\t\t<div class=\"elementor-container elementor-column-gap-default\">\n\t\t\t\t\t\t\t<div class=\"elementor-row\">\n\t\t\t\t\t<div class=\"elementor-column elementor-col-25 elementor-top-column elementor-element elementor-element-2eee0e8\" data-id=\"2eee0e8\" data-element_type=\"column\">\n\t\t\t<div class=\"elementor-column-wrap elementor-element-populated\">\n\t\t\t\t\t\t\t<div class=\"elementor-widget-wrap\">\n\t\t\t\t\t\t<div class=\"elementor-element elementor-element-7cec373 elementor-widget elementor-widget-image\" data-id=\"7cec373\" data-element_type=\"widget\" data-widget_type=\"image.default\">\n\t\t\t\t<div class=\"elementor-widget-container\">\n\t\t\t\t\t\t\t\t<div class=\"elementor-image\">\n\t\t\t\t\t\t\t\t\t<figure class=\"wp-caption\">\n\t\t\t\t\t\t\t\t\t\t\t<a href=\"http:\/\/melbordat.fr\/index.php\/motion-gifographie\/faire-des-yeux-de-merlan-frit\/\">\n\t\t\t\t\t\t\t<img width=\"920\" height=\"909\" src=\"https:\/\/melbordat.fr\/wp-content\/uploads\/2021\/02\/P22-1024x1012.jpg\" class=\"elementor-animation-grow attachment-large size-large\" alt=\"\" loading=\"lazy\" srcset=\"https:\/\/melbordat.fr\/wp-content\/uploads\/2021\/02\/P22-1024x1012.jpg 1024w, https:\/\/melbordat.fr\/wp-content\/uploads\/2021\/02\/P22-300x297.jpg 300w, https:\/\/melbordat.fr\/wp-content\/uploads\/2021\/02\/P22-768x759.jpg 768w, https:\/\/melbordat.fr\/wp-content\/uploads\/2021\/02\/P22-1536x1519.jpg 1536w, https:\/\/melbordat.fr\/wp-content\/uploads\/2021\/02\/P22-2048x2025.jpg 2048w, https:\/\/melbordat.fr\/wp-content\/uploads\/2021\/02\/P22-50x50.jpg 50w\" sizes=\"(max-width: 920px) 100vw, 920px\" \/>\t\t\t\t\t\t\t\t<\/a>\n\t\t\t\t\t\t\t\t\t\t\t<figcaption class=\"widget-image-caption wp-caption-text\">EXPRESSION<\/figcaption>\n\t\t\t\t\t\t\t\t\t\t<\/figure>\n\t\t\t\t\t\t\t\t<\/div>\n\t\t\t\t\t\t<\/div>\n\t\t\t\t<\/div>\n\t\t\t\t<div class=\"elementor-element elementor-element-105113f elementor-widget elementor-widget-image\" data-id=\"105113f\" data-element_type=\"widget\" data-widget_type=\"image.default\">\n\t\t\t\t<div class=\"elementor-widget-container\">\n\t\t\t\t\t\t\t\t<div class=\"elementor-image\">\n\t\t\t\t\t\t\t\t\t<figure class=\"wp-caption\">\n\t\t\t\t\t\t\t\t\t\t\t<a href=\"http:\/\/melbordat.fr\/index.php\/worshops\/workshop\/\">\n\t\t\t\t\t\t\t<img width=\"920\" height=\"920\" src=\"https:\/\/melbordat.fr\/wp-content\/uploads\/2021\/02\/exposer-1024x1024.jpg\" class=\"elementor-animation-grow attachment-large size-large\" alt=\"\" loading=\"lazy\" srcset=\"https:\/\/melbordat.fr\/wp-content\/uploads\/2021\/02\/exposer-1024x1024.jpg 1024w, https:\/\/melbordat.fr\/wp-content\/uploads\/2021\/02\/exposer-300x300.jpg 300w, https:\/\/melbordat.fr\/wp-content\/uploads\/2021\/02\/exposer-150x150.jpg 150w, https:\/\/melbordat.fr\/wp-content\/uploads\/2021\/02\/exposer-768x768.jpg 768w, https:\/\/melbordat.fr\/wp-content\/uploads\/2021\/02\/exposer-640x640.jpg 640w, https:\/\/melbordat.fr\/wp-content\/uploads\/2021\/02\/exposer-50x50.jpg 50w, https:\/\/melbordat.fr\/wp-content\/uploads\/2021\/02\/exposer.jpg 1080w\" sizes=\"(max-width: 920px) 100vw, 920px\" \/>\t\t\t\t\t\t\t\t<\/a>\n\t\t\t\t\t\t\t\t\t\t\t<figcaption class=\"widget-image-caption wp-caption-text\">WORKSHOP<\/figcaption>\n\t\t\t\t\t\t\t\t\t\t<\/figure>\n\t\t\t\t\t\t\t\t<\/div>\n\t\t\t\t\t\t<\/div>\n\t\t\t\t<\/div>\n\t\t\t\t\t\t<\/div>\n\t\t\t\t\t<\/div>\n\t\t<\/div>\n\t\t\t\t<div class=\"elementor-column elementor-col-25 elementor-top-column elementor-element elementor-element-c9004db\" data-id=\"c9004db\" data-element_type=\"column\">\n\t\t\t<div class=\"elementor-column-wrap elementor-element-populated\">\n\t\t\t\t\t\t\t<div class=\"elementor-widget-wrap\">\n\t\t\t\t\t\t<div class=\"elementor-element elementor-element-225a876 elementor-widget elementor-widget-image\" data-id=\"225a876\" data-element_type=\"widget\" data-widget_type=\"image.default\">\n\t\t\t\t<div class=\"elementor-widget-container\">\n\t\t\t\t\t\t\t\t<div class=\"elementor-image\">\n\t\t\t\t\t\t\t\t\t<figure class=\"wp-caption\">\n\t\t\t\t\t\t\t\t\t\t\t<a href=\"http:\/\/melbordat.fr\/index.php\/motion-gifographie\/specimen-typographique\/\">\n\t\t\t\t\t\t\t<img width=\"920\" height=\"920\" src=\"https:\/\/melbordat.fr\/wp-content\/uploads\/2021\/02\/industry--1024x1024.jpg\" class=\"elementor-animation-grow attachment-large size-large\" alt=\"\" loading=\"lazy\" srcset=\"https:\/\/melbordat.fr\/wp-content\/uploads\/2021\/02\/industry--1024x1024.jpg 1024w, https:\/\/melbordat.fr\/wp-content\/uploads\/2021\/02\/industry--300x300.jpg 300w, https:\/\/melbordat.fr\/wp-content\/uploads\/2021\/02\/industry--150x150.jpg 150w, https:\/\/melbordat.fr\/wp-content\/uploads\/2021\/02\/industry--768x768.jpg 768w, https:\/\/melbordat.fr\/wp-content\/uploads\/2021\/02\/industry--640x640.jpg 640w, https:\/\/melbordat.fr\/wp-content\/uploads\/2021\/02\/industry--50x50.jpg 50w, https:\/\/melbordat.fr\/wp-content\/uploads\/2021\/02\/industry-.jpg 1080w\" sizes=\"(max-width: 920px) 100vw, 920px\" \/>\t\t\t\t\t\t\t\t<\/a>\n\t\t\t\t\t\t\t\t\t\t\t<figcaption class=\"widget-image-caption wp-caption-text\">INDUSTRY INC<\/figcaption>\n\t\t\t\t\t\t\t\t\t\t<\/figure>\n\t\t\t\t\t\t\t\t<\/div>\n\t\t\t\t\t\t<\/div>\n\t\t\t\t<\/div>\n\t\t\t\t<div class=\"elementor-element elementor-element-a8cdbce elementor-widget elementor-widget-image\" data-id=\"a8cdbce\" data-element_type=\"widget\" data-widget_type=\"image.default\">\n\t\t\t\t<div class=\"elementor-widget-container\">\n\t\t\t\t\t\t\t\t<div class=\"elementor-image\">\n\t\t\t\t\t\t\t\t\t<figure class=\"wp-caption\">\n\t\t\t\t\t\t\t\t\t\t\t<a href=\"http:\/\/melbordat.fr\/index.php\/motion-gifographie\/interstice-of-the-strange\/\">\n\t\t\t\t\t\t\t<img width=\"920\" height=\"920\" src=\"https:\/\/melbordat.fr\/wp-content\/uploads\/2021\/02\/etrange-1024x1024.jpg\" class=\"elementor-animation-grow attachment-large size-large\" alt=\"\" loading=\"lazy\" srcset=\"https:\/\/melbordat.fr\/wp-content\/uploads\/2021\/02\/etrange-1024x1024.jpg 1024w, https:\/\/melbordat.fr\/wp-content\/uploads\/2021\/02\/etrange-300x300.jpg 300w, https:\/\/melbordat.fr\/wp-content\/uploads\/2021\/02\/etrange-150x150.jpg 150w, https:\/\/melbordat.fr\/wp-content\/uploads\/2021\/02\/etrange-768x768.jpg 768w, https:\/\/melbordat.fr\/wp-content\/uploads\/2021\/02\/etrange-640x640.jpg 640w, https:\/\/melbordat.fr\/wp-content\/uploads\/2021\/02\/etrange-50x50.jpg 50w, https:\/\/melbordat.fr\/wp-content\/uploads\/2021\/02\/etrange.jpg 1080w\" sizes=\"(max-width: 920px) 100vw, 920px\" \/>\t\t\t\t\t\t\t\t<\/a>\n\t\t\t\t\t\t\t\t\t\t\t<figcaption class=\"widget-image-caption wp-caption-text\">QUI SUIS-JE ? <\/figcaption>\n\t\t\t\t\t\t\t\t\t\t<\/figure>\n\t\t\t\t\t\t\t\t<\/div>\n\t\t\t\t\t\t<\/div>\n\t\t\t\t<\/div>\n\t\t\t\t\t\t<\/div>\n\t\t\t\t\t<\/div>\n\t\t<\/div>\n\t\t\t\t<div class=\"elementor-column elementor-col-25 elementor-top-column elementor-element elementor-element-a05859a\" data-id=\"a05859a\" data-element_type=\"column\">\n\t\t\t<div class=\"elementor-column-wrap elementor-element-populated\">\n\t\t\t\t\t\t\t<div class=\"elementor-widget-wrap\">\n\t\t\t\t\t\t<div class=\"elementor-element elementor-element-5f2e8c7 elementor-widget elementor-widget-image\" data-id=\"5f2e8c7\" data-element_type=\"widget\" data-widget_type=\"image.default\">\n\t\t\t\t<div class=\"elementor-widget-container\">\n\t\t\t\t\t\t\t\t<div class=\"elementor-image\">\n\t\t\t\t\t\t\t\t\t<figure class=\"wp-caption\">\n\t\t\t\t\t\t\t\t\t\t\t<a href=\"http:\/\/melbordat.fr\/index.php\/motion-gifographie\/traboule-des-voraces\/\">\n\t\t\t\t\t\t\t<img width=\"920\" height=\"920\" src=\"https:\/\/melbordat.fr\/wp-content\/uploads\/2021\/02\/vorace-1024x1024.jpg\" class=\"elementor-animation-grow attachment-large size-large\" alt=\"\" loading=\"lazy\" srcset=\"https:\/\/melbordat.fr\/wp-content\/uploads\/2021\/02\/vorace-1024x1024.jpg 1024w, https:\/\/melbordat.fr\/wp-content\/uploads\/2021\/02\/vorace-300x300.jpg 300w, https:\/\/melbordat.fr\/wp-content\/uploads\/2021\/02\/vorace-150x150.jpg 150w, https:\/\/melbordat.fr\/wp-content\/uploads\/2021\/02\/vorace-768x768.jpg 768w, https:\/\/melbordat.fr\/wp-content\/uploads\/2021\/02\/vorace-640x640.jpg 640w, https:\/\/melbordat.fr\/wp-content\/uploads\/2021\/02\/vorace-50x50.jpg 50w, https:\/\/melbordat.fr\/wp-content\/uploads\/2021\/02\/vorace.jpg 1080w\" sizes=\"(max-width: 920px) 100vw, 920px\" \/>\t\t\t\t\t\t\t\t<\/a>\n\t\t\t\t\t\t\t\t\t\t\t<figcaption class=\"widget-image-caption wp-caption-text\">VORACES<\/figcaption>\n\t\t\t\t\t\t\t\t\t\t<\/figure>\n\t\t\t\t\t\t\t\t<\/div>\n\t\t\t\t\t\t<\/div>\n\t\t\t\t<\/div>\n\t\t\t\t<div class=\"elementor-element elementor-element-b43f269 elementor-widget elementor-widget-image\" data-id=\"b43f269\" data-element_type=\"widget\" data-widget_type=\"image.default\">\n\t\t\t\t<div class=\"elementor-widget-container\">\n\t\t\t\t\t\t\t\t<div class=\"elementor-image\">\n\t\t\t\t\t\t\t\t\t<figure class=\"wp-caption\">\n\t\t\t\t\t\t\t\t\t\t\t<a href=\"http:\/\/melbordat.fr\/index.php\/motion-gifographie\/mon-stage-chez-cutback-live\/\">\n\t\t\t\t\t\t\t<img width=\"920\" height=\"920\" src=\"https:\/\/melbordat.fr\/wp-content\/uploads\/2021\/09\/vignette-1-1024x1024.jpg\" class=\"elementor-animation-grow attachment-large size-large\" alt=\"\" loading=\"lazy\" srcset=\"https:\/\/melbordat.fr\/wp-content\/uploads\/2021\/09\/vignette-1-1024x1024.jpg 1024w, https:\/\/melbordat.fr\/wp-content\/uploads\/2021\/09\/vignette-1-300x300.jpg 300w, https:\/\/melbordat.fr\/wp-content\/uploads\/2021\/09\/vignette-1-150x150.jpg 150w, https:\/\/melbordat.fr\/wp-content\/uploads\/2021\/09\/vignette-1-768x768.jpg 768w, https:\/\/melbordat.fr\/wp-content\/uploads\/2021\/09\/vignette-1-640x640.jpg 640w, https:\/\/melbordat.fr\/wp-content\/uploads\/2021\/09\/vignette-1-50x50.jpg 50w, https:\/\/melbordat.fr\/wp-content\/uploads\/2021\/09\/vignette-1.jpg 1080w\" sizes=\"(max-width: 920px) 100vw, 920px\" \/>\t\t\t\t\t\t\t\t<\/a>\n\t\t\t\t\t\t\t\t\t\t\t<figcaption class=\"widget-image-caption wp-caption-text\">STAGE<\/figcaption>\n\t\t\t\t\t\t\t\t\t\t<\/figure>\n\t\t\t\t\t\t\t\t<\/div>\n\t\t\t\t\t\t<\/div>\n\t\t\t\t<\/div>\n\t\t\t\t\t\t<\/div>\n\t\t\t\t\t<\/div>\n\t\t<\/div>\n\t\t\t\t<div class=\"elementor-column elementor-col-25 elementor-top-column elementor-element elementor-element-b155f08\" data-id=\"b155f08\" data-element_type=\"column\">\n\t\t\t<div class=\"elementor-column-wrap elementor-element-populated\">\n\t\t\t\t\t\t\t<div class=\"elementor-widget-wrap\">\n\t\t\t\t\t\t<div class=\"elementor-element elementor-element-b41fcc7 elementor-widget elementor-widget-image\" data-id=\"b41fcc7\" data-element_type=\"widget\" data-widget_type=\"image.default\">\n\t\t\t\t<div class=\"elementor-widget-container\">\n\t\t\t\t\t\t\t\t<div class=\"elementor-image\">\n\t\t\t\t\t\t\t\t\t<figure class=\"wp-caption\">\n\t\t\t\t\t\t\t\t\t\t\t<a href=\"http:\/\/melbordat.fr\/index.php\/motion-gifographie\/have-you-ever-seen\/\">\n\t\t\t\t\t\t\t<img width=\"920\" height=\"920\" src=\"https:\/\/melbordat.fr\/wp-content\/uploads\/2021\/02\/raduche\u0300re-1024x1024.jpg\" class=\"elementor-animation-grow attachment-large size-large\" alt=\"\" loading=\"lazy\" srcset=\"https:\/\/melbordat.fr\/wp-content\/uploads\/2021\/02\/raduche\u0300re-1024x1024.jpg 1024w, https:\/\/melbordat.fr\/wp-content\/uploads\/2021\/02\/raduche\u0300re-300x300.jpg 300w, https:\/\/melbordat.fr\/wp-content\/uploads\/2021\/02\/raduche\u0300re-150x150.jpg 150w, https:\/\/melbordat.fr\/wp-content\/uploads\/2021\/02\/raduche\u0300re-768x768.jpg 768w, https:\/\/melbordat.fr\/wp-content\/uploads\/2021\/02\/raduche\u0300re-640x640.jpg 640w, https:\/\/melbordat.fr\/wp-content\/uploads\/2021\/02\/raduche\u0300re-50x50.jpg 50w, https:\/\/melbordat.fr\/wp-content\/uploads\/2021\/02\/raduche\u0300re.jpg 1080w\" sizes=\"(max-width: 920px) 100vw, 920px\" \/>\t\t\t\t\t\t\t\t<\/a>\n\t\t\t\t\t\t\t\t\t\t\t<figcaption class=\"widget-image-caption wp-caption-text\">R\u00c9ALIT\u00c9 AUGMENT\u00c9E<\/figcaption>\n\t\t\t\t\t\t\t\t\t\t<\/figure>\n\t\t\t\t\t\t\t\t<\/div>\n\t\t\t\t\t\t<\/div>\n\t\t\t\t<\/div>\n\t\t\t\t<div class=\"elementor-element elementor-element-8b3b482 elementor-widget elementor-widget-image\" data-id=\"8b3b482\" data-element_type=\"widget\" data-widget_type=\"image.default\">\n\t\t\t\t<div class=\"elementor-widget-container\">\n\t\t\t\t\t\t\t\t<div class=\"elementor-image\">\n\t\t\t\t\t\t\t\t\t<figure class=\"wp-caption\">\n\t\t\t\t\t\t\t\t\t\t\t<a href=\"http:\/\/melbordat.fr\/index.php\/motion-gifographie\/elhiasca\/\">\n\t\t\t\t\t\t\t<img width=\"920\" height=\"920\" src=\"https:\/\/melbordat.fr\/wp-content\/uploads\/2021\/02\/elhiasca-1024x1024.jpg\" class=\"elementor-animation-grow attachment-large size-large\" alt=\"\" loading=\"lazy\" srcset=\"https:\/\/melbordat.fr\/wp-content\/uploads\/2021\/02\/elhiasca-1024x1024.jpg 1024w, https:\/\/melbordat.fr\/wp-content\/uploads\/2021\/02\/elhiasca-300x300.jpg 300w, https:\/\/melbordat.fr\/wp-content\/uploads\/2021\/02\/elhiasca-150x150.jpg 150w, https:\/\/melbordat.fr\/wp-content\/uploads\/2021\/02\/elhiasca-768x768.jpg 768w, https:\/\/melbordat.fr\/wp-content\/uploads\/2021\/02\/elhiasca-640x640.jpg 640w, https:\/\/melbordat.fr\/wp-content\/uploads\/2021\/02\/elhiasca-50x50.jpg 50w, https:\/\/melbordat.fr\/wp-content\/uploads\/2021\/02\/elhiasca.jpg 1080w\" sizes=\"(max-width: 920px) 100vw, 920px\" \/>\t\t\t\t\t\t\t\t<\/a>\n\t\t\t\t\t\t\t\t\t\t\t<figcaption class=\"widget-image-caption wp-caption-text\">ELHIASCA<\/figcaption>\n\t\t\t\t\t\t\t\t\t\t<\/figure>\n\t\t\t\t\t\t\t\t<\/div>\n\t\t\t\t\t\t<\/div>\n\t\t\t\t<\/div>\n\t\t\t\t\t\t<\/div>\n\t\t\t\t\t<\/div>\n\t\t<\/div>\n\t\t\t\t\t\t\t\t<\/div>\n\t\t\t\t\t<\/div>\n\t\t<\/section>\n\t\t\t\t\t\t<\/div>\n\t\t\t\t\t\t<\/div>\n\t\t\t\t\t<\/div>\n\t\t","protected":false},"excerpt":{"rendered":"<p>EXPRESSION WORKSHOP INDUSTRY INC QUI SUIS-JE ? VORACES STAGE R\u00c9ALIT\u00c9 AUGMENT\u00c9E ELHIASCA<\/p>\n","protected":false},"author":1,"featured_media":0,"parent":0,"menu_order":0,"comment_status":"closed","ping_status":"closed","template":"","meta":[],"_links":{"self":[{"href":"https:\/\/melbordat.fr\/index.php\/wp-json\/wp\/v2\/pages\/259"}],"collection":[{"href":"https:\/\/melbordat.fr\/index.php\/wp-json\/wp\/v2\/pages"}],"about":[{"href":"https:\/\/melbordat.fr\/index.php\/wp-json\/wp\/v2\/types\/page"}],"author":[{"embeddable":true,"href":"https:\/\/melbordat.fr\/index.php\/wp-json\/wp\/v2\/users\/1"}],"replies":[{"embeddable":true,"href":"https:\/\/melbordat.fr\/index.php\/wp-json\/wp\/v2\/comments?post=259"}],"version-history":[{"count":48,"href":"https:\/\/melbordat.fr\/index.php\/wp-json\/wp\/v2\/pages\/259\/revisions"}],"predecessor-version":[{"id":1285,"href":"https:\/\/melbordat.fr\/index.php\/wp-json\/wp\/v2\/pages\/259\/revisions\/1285"}],"wp:attachment":[{"href":"https:\/\/melbordat.fr\/index.php\/wp-json\/wp\/v2\/media?parent=259"}],"curies":[{"name":"wp","href":"https:\/\/api.w.org\/{rel}","templated":true}]}}