{"id":102,"date":"2020-01-06T10:17:14","date_gmt":"2020-01-06T09:17:14","guid":{"rendered":"http:\/\/melbordat.fr\/?page_id=102"},"modified":"2021-02-26T11:48:49","modified_gmt":"2021-02-26T10:48:49","slug":"body-painting","status":"publish","type":"page","link":"https:\/\/melbordat.fr\/index.php\/photographies\/body-painting\/","title":{"rendered":"BODY LIGHTING"},"content":{"rendered":"\t\t<div data-elementor-type=\"wp-page\" data-elementor-id=\"102\" class=\"elementor elementor-102\" data-elementor-settings=\"[]\">\n\t\t\t\t\t\t<div class=\"elementor-inner\">\n\t\t\t\t\t\t\t<div class=\"elementor-section-wrap\">\n\t\t\t\t\t\t\t<section class=\"elementor-section elementor-top-section elementor-element elementor-element-d4612f7 elementor-section-stretched elementor-section-boxed elementor-section-height-default elementor-section-height-default\" data-id=\"d4612f7\" data-element_type=\"section\" data-settings=\"{&quot;stretch_section&quot;:&quot;section-stretched&quot;}\">\n\t\t\t\t\t\t<div class=\"elementor-container elementor-column-gap-default\">\n\t\t\t\t\t\t\t<div class=\"elementor-row\">\n\t\t\t\t\t<div class=\"elementor-column elementor-col-33 elementor-top-column elementor-element elementor-element-da4c94c\" data-id=\"da4c94c\" data-element_type=\"column\">\n\t\t\t<div class=\"elementor-column-wrap elementor-element-populated\">\n\t\t\t\t\t\t\t<div class=\"elementor-widget-wrap\">\n\t\t\t\t\t\t<div class=\"elementor-element elementor-element-4efcbfd elementor-widget elementor-widget-image\" data-id=\"4efcbfd\" data-element_type=\"widget\" data-settings=\"{&quot;_animation&quot;:&quot;none&quot;}\" data-widget_type=\"image.default\">\n\t\t\t\t<div class=\"elementor-widget-container\">\n\t\t\t\t\t\t\t\t<div class=\"elementor-image\">\n\t\t\t\t\t\t\t\t\t\t\t\t<img width=\"683\" height=\"1024\" src=\"https:\/\/melbordat.fr\/wp-content\/uploads\/2020\/01\/IMG_0774-683x1024.jpg\" class=\"attachment-large size-large\" alt=\"\" loading=\"lazy\" srcset=\"https:\/\/melbordat.fr\/wp-content\/uploads\/2020\/01\/IMG_0774-683x1024.jpg 683w, https:\/\/melbordat.fr\/wp-content\/uploads\/2020\/01\/IMG_0774-200x300.jpg 200w, https:\/\/melbordat.fr\/wp-content\/uploads\/2020\/01\/IMG_0774-768x1152.jpg 768w, https:\/\/melbordat.fr\/wp-content\/uploads\/2020\/01\/IMG_0774-1024x1536.jpg 1024w, https:\/\/melbordat.fr\/wp-content\/uploads\/2020\/01\/IMG_0774-1365x2048.jpg 1365w, https:\/\/melbordat.fr\/wp-content\/uploads\/2020\/01\/IMG_0774-370x555.jpg 370w, https:\/\/melbordat.fr\/wp-content\/uploads\/2020\/01\/IMG_0774-1040x1560.jpg 1040w, https:\/\/melbordat.fr\/wp-content\/uploads\/2020\/01\/IMG_0774-scaled.jpg 1707w\" sizes=\"(max-width: 683px) 100vw, 683px\" \/>\t\t\t\t\t\t\t\t\t\t\t\t\t\t<\/div>\n\t\t\t\t\t\t<\/div>\n\t\t\t\t<\/div>\n\t\t\t\t\t\t<\/div>\n\t\t\t\t\t<\/div>\n\t\t<\/div>\n\t\t\t\t<div class=\"elementor-column elementor-col-33 elementor-top-column elementor-element elementor-element-93aba2d\" data-id=\"93aba2d\" data-element_type=\"column\">\n\t\t\t<div class=\"elementor-column-wrap elementor-element-populated\">\n\t\t\t\t\t\t\t<div class=\"elementor-widget-wrap\">\n\t\t\t\t\t\t<div class=\"elementor-element elementor-element-7d54ee6 elementor-widget elementor-widget-image\" data-id=\"7d54ee6\" data-element_type=\"widget\" data-widget_type=\"image.default\">\n\t\t\t\t<div class=\"elementor-widget-container\">\n\t\t\t\t\t\t\t\t<div class=\"elementor-image\">\n\t\t\t\t\t\t\t\t\t\t\t\t<img width=\"683\" height=\"1024\" src=\"https:\/\/melbordat.fr\/wp-content\/uploads\/2020\/01\/photofun-3-683x1024.jpg\" class=\"attachment-large size-large\" alt=\"\" loading=\"lazy\" srcset=\"https:\/\/melbordat.fr\/wp-content\/uploads\/2020\/01\/photofun-3-683x1024.jpg 683w, https:\/\/melbordat.fr\/wp-content\/uploads\/2020\/01\/photofun-3-200x300.jpg 200w, https:\/\/melbordat.fr\/wp-content\/uploads\/2020\/01\/photofun-3-768x1152.jpg 768w, https:\/\/melbordat.fr\/wp-content\/uploads\/2020\/01\/photofun-3-1024x1536.jpg 1024w, https:\/\/melbordat.fr\/wp-content\/uploads\/2020\/01\/photofun-3-1365x2048.jpg 1365w, https:\/\/melbordat.fr\/wp-content\/uploads\/2020\/01\/photofun-3-370x555.jpg 370w, https:\/\/melbordat.fr\/wp-content\/uploads\/2020\/01\/photofun-3-1040x1560.jpg 1040w, https:\/\/melbordat.fr\/wp-content\/uploads\/2020\/01\/photofun-3-scaled.jpg 1707w\" sizes=\"(max-width: 683px) 100vw, 683px\" \/>\t\t\t\t\t\t\t\t\t\t\t\t\t\t<\/div>\n\t\t\t\t\t\t<\/div>\n\t\t\t\t<\/div>\n\t\t\t\t\t\t<\/div>\n\t\t\t\t\t<\/div>\n\t\t<\/div>\n\t\t\t\t<div class=\"elementor-column elementor-col-33 elementor-top-column elementor-element elementor-element-2efa520\" data-id=\"2efa520\" data-element_type=\"column\">\n\t\t\t<div class=\"elementor-column-wrap elementor-element-populated\">\n\t\t\t\t\t\t\t<div class=\"elementor-widget-wrap\">\n\t\t\t\t\t\t<div class=\"elementor-element elementor-element-7d4f6a9 elementor-widget elementor-widget-image\" data-id=\"7d4f6a9\" data-element_type=\"widget\" data-widget_type=\"image.default\">\n\t\t\t\t<div class=\"elementor-widget-container\">\n\t\t\t\t\t\t\t\t<div class=\"elementor-image\">\n\t\t\t\t\t\t\t\t\t\t\t\t<img width=\"683\" height=\"1024\" src=\"https:\/\/melbordat.fr\/wp-content\/uploads\/2020\/01\/IMG_0799-5-683x1024.jpg\" class=\"attachment-large size-large\" alt=\"\" loading=\"lazy\" srcset=\"https:\/\/melbordat.fr\/wp-content\/uploads\/2020\/01\/IMG_0799-5-683x1024.jpg 683w, https:\/\/melbordat.fr\/wp-content\/uploads\/2020\/01\/IMG_0799-5-200x300.jpg 200w, https:\/\/melbordat.fr\/wp-content\/uploads\/2020\/01\/IMG_0799-5-768x1152.jpg 768w, https:\/\/melbordat.fr\/wp-content\/uploads\/2020\/01\/IMG_0799-5-1024x1536.jpg 1024w, https:\/\/melbordat.fr\/wp-content\/uploads\/2020\/01\/IMG_0799-5-1365x2048.jpg 1365w, https:\/\/melbordat.fr\/wp-content\/uploads\/2020\/01\/IMG_0799-5-370x555.jpg 370w, https:\/\/melbordat.fr\/wp-content\/uploads\/2020\/01\/IMG_0799-5-1040x1560.jpg 1040w, https:\/\/melbordat.fr\/wp-content\/uploads\/2020\/01\/IMG_0799-5-scaled.jpg 1707w\" sizes=\"(max-width: 683px) 100vw, 683px\" \/>\t\t\t\t\t\t\t\t\t\t\t\t\t\t<\/div>\n\t\t\t\t\t\t<\/div>\n\t\t\t\t<\/div>\n\t\t\t\t\t\t<\/div>\n\t\t\t\t\t<\/div>\n\t\t<\/div>\n\t\t\t\t\t\t\t\t<\/div>\n\t\t\t\t\t<\/div>\n\t\t<\/section>\n\t\t\t\t<section class=\"elementor-section elementor-top-section elementor-element elementor-element-d1355df elementor-section-stretched elementor-section-boxed elementor-section-height-default elementor-section-height-default\" data-id=\"d1355df\" data-element_type=\"section\" data-settings=\"{&quot;stretch_section&quot;:&quot;section-stretched&quot;}\">\n\t\t\t\t\t\t<div class=\"elementor-container elementor-column-gap-default\">\n\t\t\t\t\t\t\t<div class=\"elementor-row\">\n\t\t\t\t\t<div class=\"elementor-column elementor-col-100 elementor-top-column elementor-element elementor-element-fbe0b4f\" data-id=\"fbe0b4f\" data-element_type=\"column\">\n\t\t\t<div class=\"elementor-column-wrap elementor-element-populated\">\n\t\t\t\t\t\t\t<div class=\"elementor-widget-wrap\">\n\t\t\t\t\t\t<div class=\"elementor-element elementor-element-118a207 elementor-widget__width-initial elementor-widget elementor-widget-text-editor\" data-id=\"118a207\" data-element_type=\"widget\" data-widget_type=\"text-editor.default\">\n\t\t\t\t<div class=\"elementor-widget-container\">\n\t\t\t\t\t\t\t\t<div class=\"elementor-text-editor elementor-clearfix\">\n\t\t\t\t\t<p>Triptyque r\u00e9alis\u00e9 avec Th\u00e9o Amiot.\u00a0J&rsquo;ai cherch\u00e9 \u00e0 travailler principalement sur l&rsquo;\u00e9clairage du corps. Seulement quelques parties du corps sont illumin\u00e9es dans un cadrage qui le d\u00e9shumanise.\u00a0Ce projet photo est la poursuite d&rsquo;un projet de body painting r\u00e9alis\u00e9 part Th\u00e9o Amiot sur son propre corps.\u00a0<\/p><p><em><span lang=\"en\">Triptych made with Theo Amiot. I tried to work mainly on body lighting. Only a few parts of the body are illuminated in a framing that dehumanizes it. This photo project is the continuation of a body painting project carried out by Theo Amiot on his own body.<\/span><\/em><\/p>\t\t\t\t\t<\/div>\n\t\t\t\t\t\t<\/div>\n\t\t\t\t<\/div>\n\t\t\t\t\t\t<\/div>\n\t\t\t\t\t<\/div>\n\t\t<\/div>\n\t\t\t\t\t\t\t\t<\/div>\n\t\t\t\t\t<\/div>\n\t\t<\/section>\n\t\t\t\t<section class=\"elementor-section elementor-top-section elementor-element elementor-element-30cbddf elementor-section-boxed elementor-section-height-default elementor-section-height-default\" data-id=\"30cbddf\" data-element_type=\"section\">\n\t\t\t\t\t\t<div class=\"elementor-container elementor-column-gap-default\">\n\t\t\t\t\t\t\t<div class=\"elementor-row\">\n\t\t\t\t\t<div class=\"elementor-column elementor-col-100 elementor-top-column elementor-element elementor-element-512e7f4\" data-id=\"512e7f4\" data-element_type=\"column\">\n\t\t\t<div class=\"elementor-column-wrap elementor-element-populated\">\n\t\t\t\t\t\t\t<div class=\"elementor-widget-wrap\">\n\t\t\t\t\t\t<div class=\"elementor-element elementor-element-e469368 elementor-align-center elementor-widget elementor-widget-button\" data-id=\"e469368\" data-element_type=\"widget\" data-widget_type=\"button.default\">\n\t\t\t\t<div class=\"elementor-widget-container\">\n\t\t\t\t\t<div class=\"elementor-button-wrapper\">\n\t\t\t<a href=\"http:\/\/melbordat.fr\/index.php\/photographies\/\" class=\"elementor-button-link elementor-button elementor-size-sm elementor-animation-grow\" role=\"button\">\n\t\t\t\t\t\t<span class=\"elementor-button-content-wrapper\">\n\t\t\t\t\t\t<span class=\"elementor-button-text\">VOIR LES AUTRES PHOTOGRAPHIES<\/span>\n\t\t<\/span>\n\t\t\t\t\t<\/a>\n\t\t<\/div>\n\t\t\t\t<\/div>\n\t\t\t\t<\/div>\n\t\t\t\t\t\t<\/div>\n\t\t\t\t\t<\/div>\n\t\t<\/div>\n\t\t\t\t\t\t\t\t<\/div>\n\t\t\t\t\t<\/div>\n\t\t<\/section>\n\t\t\t\t\t\t<\/div>\n\t\t\t\t\t\t<\/div>\n\t\t\t\t\t<\/div>\n\t\t","protected":false},"excerpt":{"rendered":"<p>Triptyque r\u00e9alis\u00e9 avec Th\u00e9o Amiot.\u00a0J&rsquo;ai cherch\u00e9 \u00e0 travailler principalement sur l&rsquo;\u00e9clairage du corps. Seulement quelques parties du corps sont illumin\u00e9es dans un cadrage qui le d\u00e9shumanise.\u00a0Ce projet photo est la poursuite d&rsquo;un projet de body painting r\u00e9alis\u00e9 part Th\u00e9o Amiot sur son propre corps.\u00a0 Triptych made with Theo Amiot. I tried to work mainly on<span class=\"more-button\"><a href=\"https:\/\/melbordat.fr\/index.php\/photographies\/body-painting\/\" class=\"more-link\">Continue reading<span class=\"screen-reader-text\">BODY LIGHTING<\/span><\/a><\/span><\/p>\n","protected":false},"author":1,"featured_media":0,"parent":27,"menu_order":0,"comment_status":"closed","ping_status":"closed","template":"","meta":[],"_links":{"self":[{"href":"https:\/\/melbordat.fr\/index.php\/wp-json\/wp\/v2\/pages\/102"}],"collection":[{"href":"https:\/\/melbordat.fr\/index.php\/wp-json\/wp\/v2\/pages"}],"about":[{"href":"https:\/\/melbordat.fr\/index.php\/wp-json\/wp\/v2\/types\/page"}],"author":[{"embeddable":true,"href":"https:\/\/melbordat.fr\/index.php\/wp-json\/wp\/v2\/users\/1"}],"replies":[{"embeddable":true,"href":"https:\/\/melbordat.fr\/index.php\/wp-json\/wp\/v2\/comments?post=102"}],"version-history":[{"count":19,"href":"https:\/\/melbordat.fr\/index.php\/wp-json\/wp\/v2\/pages\/102\/revisions"}],"predecessor-version":[{"id":1083,"href":"https:\/\/melbordat.fr\/index.php\/wp-json\/wp\/v2\/pages\/102\/revisions\/1083"}],"up":[{"embeddable":true,"href":"https:\/\/melbordat.fr\/index.php\/wp-json\/wp\/v2\/pages\/27"}],"wp:attachment":[{"href":"https:\/\/melbordat.fr\/index.php\/wp-json\/wp\/v2\/media?parent=102"}],"curies":[{"name":"wp","href":"https:\/\/api.w.org\/{rel}","templated":true}]}}